0?
10
In base 10, what is 1 - 2?
-1
In base 12, what is 89 - -4?
91
In base 14, what is -bd + 11?
-ac
In base 12, what is 110 + 15?
125
In base 7, what is 51423 + 3?
51426
In base 4, what is -221 + -111?
-332
In base 2, what is 110001 - 110?
101011
In base 15, what is -6 + -3?
-9
In base 13, what is -43 + 2?
-41
In base 11, what is 3 - 1070?
-1068
In base 10, what is -572 + -5?
-577
In base 8, what is -2443 - -2?
-2441
In base 7, what is -4 + -234?
-241
In base 3, what is 22121202 + 0?
22121202
In base 5, what is 22 - 33?
-11
In base 6, what is 1403 + 4?
1411
In base 7, what is 5 - 4626?
-4621
In base 15, what is 43 + -14c?
-109
In base 11, what is -1993 + 5?
-1989
In base 9, what is 4 + 1406?
1411
In base 9, what is -5638 + 2?
-5636
In base 15, what is -5a1e + 5?
-5a19
In base 5, what is 4 + 314?
323
In base 2, what is 101 - 101?
0
In base 11, what is 1 + -916?
-915
In base 11, what is 3 - 381?
-379
In base 6, what is -4 - -2450?
2442
In base 6, what is -3 - -310?
303
In base 13, what is -1 + 682?
681
In base 15, what is -6e + -4?
-73
In base 9, what is 47 + 2?
50
In base 5, what is 12144 + -4?
12140
In base 5, what is -12 - 22324?
-22341
In base 2, what is 1001 + 11001?
100010
In base 8, what is 1 - -6?
7
In base 3, what is -210 - -12?
-121
In base 7, what is 2 + 140?
142
In base 15, what is -12dd + 2?
-12db
In base 14, what is -214 - 3?
-217
In base 13, what is 930 - -5?
935
In base 5, what is 33 + -3021?
-2433
In base 11, what is 3 - 2?
1
In base 7, what is 13 + -1252?
-1236
In base 10, what is 349 + 2?
351
In base 3, what is 10 + 1011001?
1011011
In base 11, what is 7 + a4?
100
In base 10, what is 2926 - 5?
2921
In base 6, what is 2 + 133?
135
In base 8, what is -46762 + 0?
-46762
In base 8, what is -63 - -157?
74
In base 3, what is 20121222 + 12?
20122011
In base 4, what is 11 - 1132?
-1121
In base 2, what is -101 + -101111?
-110100
In base 9, what is -11 - 77?
-88
In base 12, what is -1 - 120b?
-1210
In base 2, what is 101 - -100011000?
100011101
In base 8, what is -2 - -14?
12
In base 15, what is -d - -34?
26
In base 3, what is -11002 + 12?
-10220
In base 2, what is -1100110111 - 11?
-1100111010
In base 11, what is 0 - 316?
-316
In base 10, what is 11 + 111?
122
In base 4, what is 10 + 11?
21
In base 9, what is -3 + 3613?
3610
In base 4, what is -10 - 122210?
-122220
In base 16, what is -7 + -a2?
-a9
In base 14, what is -13 + 3?
-10
In base 3, what is 0 - -101?
101
In base 11, what is -3 - 2a11?
-2a14
In base 4, what is 1202 + 103?
1311
In base 10, what is -2284 + -4?
-2288
In base 5, what is -14 - 1200?
-1214
In base 7, what is 415 + -3?
412
In base 4, what is 2 + 2?
10
In base 5, what is -10 - 114?
-124
In base 7, what is 4 - 5341?
-5334
In base 7, what is -4 - 312?
-316
In base 6, what is -140 - 5?
-145
In base 8, what is 1756 - -13?
1771
In base 2, what is -100 + 1111111101?
1111111001
In base 11, what is 22 + -219?
-1a7
In base 6, what is -3 - -140?
133
In base 11, what is 0 + -1077?
-1077
In base 13, what is -4 + -72?
-76
In base 11, what is -19177 - 3?
-1917a
In base 7, what is -3 - 4632?
-4635
In base 7, what is -1 - -42?
41
In base 10, what is -3 + 403?
400
In base 8, what is 141 - -4?
145
In base 5, what is 14 + -110?
-41
In base 4, what is 2113 + 1?
2120
In base 10, what is -21 + -40?
-61
In base 9, what is 155 - 3?
152
In base 5, what is 30 + 203?
233
In base 16, what is 3 + -5c?
-59
In base 6, what is 305105 - -1?
305110
In base 6, what is 414252 + 0?
414252
In base 3, what is -2021 - 120?
-2211
In base 8, what is 12730 - 2?
12726
In base 11, what is 390 + -a?
381
In base 16, what is 3a - -d?
47
In base 3, what is -11 - -220122?
220111
In base 8, what is 12177 - 5?
12172
In base 11, what is -7 + 101?
a5
In base 9, what is -115 - -3?
-112
In base 8, what is 4 - 1176?
-1172
In base 11, what is -94 + -8?
-a1
In base 13, what is -2ab3 + 3?
-2ab0
In base 12, what is 227 - 1?
226
In base 12, what is 21 + 12?
33
In base 12, what is 1165 - -2?
1167
In base 8, what is 7 + 11?
20
In base 9, what is 72 - -14?
86
In base 3, what is 2 + 1221010?
1221012
In base 7, what is -6 - 3?
-12
In base 7, what is -5125 + 1?
-5124
In base 12, what is -9a + -23?
-101
In base 7, what is -5 - 121?
-126
In base 9, what is -1 - -1025?
1024
In base 11, what is -5644 + 5?
-563a
In base 4, what is -1 + 1103?
1102
In base 9, what is -4 - -274?
270
In base 15, what is 64 - -66?
ca
In base 6, what is 22101 - 4?
22053
In base 7, what is -1 + -4456?
-4460
In base 14, what is 11 + -14c?
-13b
In base 9, what is -1 - 20?
-21
In base 5, what is -22 + 3334?
3312
In base 10, what is 4 - 2072?
-2068
In base 14, what is 40 - 14a?
-10a
In base 6, what is 313 - 31?
242
In base 7, what is 4 - -11?
15
In base 14, what is 4 - -1?
5
In base 13, what is 1 - -153?
154
In base 8, what is -1462 + 4?
-1456
In base 15, what is a - b0?
-a5
In base 15, what is 1 + -3d0?
-3ce
In base 5, what is -2 + 2240?
2233
In base 11, what is -1 - -451?
450
In base 8, what is -131 + -5?
-136
In base 11, what is 20 - 8?
13
In base 14, what is -d4 - -5?
-cd
In base 15, what is 5 - -ecb?
ed1
In base 2, what is 10101 + 1011?
100000
In base 7, what is -1660 - -1?
-1656
In base 7, what is -2 - 225?
-230
In base 7, what is 15 - 24?
-6
In base 5, what is -1 - -141?
140
In base 6, what is 1021 + 2?
1023
In base 16, what is -77 - 6?
-7d
In base 10, what is 0 - -332?
332
In base 4, what is -220332 - -1?
-220331
In base 10, what is -1 + -161?
-162
In base 7, what is -343 - -5?
-335
In base 3, what is -1111 + 1?
-1110
In base 13, what is b + 48?
56
In base 9, what is 4 + 166?
171
In base 4, what is -110 - 233?
-1003
In base 3, what is 1 + 1222021?
1222022
In base 2, what is -111000110000 - 10?
-111000110010
In base 7, what is -11415 - 6?
-11424
In base 7, what is 15 - -63?
111
In base 6, what is -151 + 33?
-114
In base 14, what is 1d + 6b?
8a
In base 10, what is 2 + -5358?
-5356
In base 3, what is -222020 + 2?
-222011
In base 9, what is -388 - 4?
-403
In base 10, what is -475 - 2?
-477
In base 9, what is -4 - 3680?
-3684
In base 15, what is 2 + -1?
1
In base 7, what is 335 - 225?
110
In base 11, what is 5 + -36?
-31
In base 9, what is -40 + -76?
-126
In base 6, what is 0 - -145?
145
In base 8, what is 5 + 12?
17
In base 16, what is -14d + -6?
-153
In base 10, what is 477 - 21?
456
In base 9, what is 35 + 250?
285
In base 2, what is -101 - 10101100010?
-10101100111
In base 10, what is 1 + -61?
-60
In base 2, what is 10011011 - 10?
10011001
In base 8, what is 35 + 12?
47
In base 16, what is -4 + 273?
26f
In base 13, what is -1 + 54?
53
In base 9, what is -376 + -4?
-381
In base 5, what is -3 + 21100?
21042
In base 14, what is -38 + 1?
-37
In base 5, what is 0 + -201?
-201
In base 8, what is -5 + -77?
-104
In base 12, what is -4 + -4a2?
-4a6
In base 12, what is 8 + -119?
-111
In base 14, what is 31 + -5?
2a
In base 5, what is 0 - -20440?
20440
In base 4, what is 23 - -213?
302
In base 9, what is 0 + 27?
27
In base 13, what is 471 + -14?
45a
In base 12, what is 45 - -3?
48
In base 5, what is 12 + 33?
100
In base 10, what is 0 - 7?
-7
In base 8, what is 1236 + -4?
1232
In base 8, what is -7 + -70?
-77
In base 7, what is 12 + -12060?
-12045
In base 11, what is -19 - -753?
735
In base 14, what is -793 - -7?
-78a
In base 12, what is -20 + -33?
-53
In base 2, what is -10 - 10110?
-11000
In base 7, what is 355 - 2?
353
In base 3, what is 120002 + 0?
120002
In base 15, what is -2b - 21?
-4c
In base 15, what is -9 - 38?
-42
In base 10, what is 1540 - 2?
1538
In base 11, what is -2 + -72?
-74
In base 7, what is 501 + -26?
442
In base 5, what is 3 - 112320?
-112312
In base 13, what is 2 - -47?
49
In base 9, what is -77 - -12?
-65
In base 15, what is 123 + 1?
124
In base 16, what is -279 + -4?
-27d
In base 12, what is -6a8 - -4?
-6a4
In base 14, what is 0 - -157?
157
In base 15, what is 8 - 5?
3
In base 10, what is 5 - 1343?
-1338
In base 15, what is 1 - c?
-b
In base 7, what is -41 - 1?
-42
In base 9, what is -3 - -18?
15
In base 10, what is 91 - 4?
87
In base 11, what is -11 - 12?
-23
In base 14, what is 8d4 + 0?
8d4
In base 14, what is 95 + 10?
a5
In base 10, what is 3 - -1781?
1784
In base 6, what is 23 + 254?
321
In base 6, what is 4 + 101?
105
In base 15, what is -1 + e2?
e1
In base 12, what is -11 + 297?
286
In